*c - 1. Suppose 2*t = -t + a - 19, -t + 2*a + 2 = 0. What is the units digit of w(t)?
4
Let l(n) = n**2 - 5. Let f be l(4). Suppose -4*z - 5 = f. Let s = z + 8. What is the units digit of s?
4
Let t(s) = -s**2 + 14*s - 3. What is the units digit of t(10)?
7
Let y(a) be the first derivative of a**3 - a**2/2 - 3. Let c be y(1). Suppose -5 = -g + l, -5*g + 0*g = c*l - 18. What is the units digit of g?
4
Let h(u) = u**3 - 9*u**2 + 8*u + 8. Let i = 8 + 0. What is the units digit of h(i)?
8
Suppose 5*i + 965 = 10*i. What is the hundreds digit of i?
1
Let l(w) = 5*w - 1. What is the units digit of l(1)?
4
Suppose 40 = h - 4*w, 2*h + 2*h + 3*w - 84 = 0. What is the units digit of h?
4
Let x be 6/9 + (-49)/(-3). Suppose -4*k = 3*o - x, 3*k + 7 = 5*o - k. Suppose -55 = -4*u - o. What is the units digit of u?
3
Suppose h - 2*h + 4 = 0. Suppose h + 3 = z. What is the units digit of z?
7
Let f(j) = 6*j**2 + 9*j + 32. What is the hundreds digit of f(-5)?
1
Suppose 10 = 3*w - 2*w. Suppose -j + 5*d = -w, 2*d = j + 4*j - 50. What is the units digit of j?
0
Suppose -4*l = -5*l + 38. What is the tens digit of l?
3
Let v = 11 + -26. Let q be (-1)/5 - (-42)/v. What is the units digit of (-3 - -3)*1 - q?
3
What is the units digit of 1149/9 + (-2)/(-6)?
8
Let o = -5 + 9. Suppose 6*t = o*t + 10. What is the units digit of t?
5
Let i(c) be the second derivative of 5*c**3/3 + c**2 - 5*c. What is the tens digit of i(3)?
3
Suppose 29 - 6 = m. Suppose 13 = 3*b - m. What is the tens digit of b?
1
Let l = -11 + 21. Let s be 4/l + (-36)/(-10). Suppose 0*b + s*b - 24 = 0. What is the units digit of b?
6
Let p = 5 - 13. Let r be (-100)/p*(-12)/(-5). Suppose -u + r = 4*u. What is the units digit of u?
6
Suppose -3*q = -5*q + 72. Let l = q - -44. Suppose -l = -6*t + 2*t. What is the tens digit of t?
2
Let v(i) be the first derivative of -7*i**2/2 + 10*i + 6. What is the units digit of v(-5)?
5
Let y(t) = -6*t - 2. Let r(c) = -5*c - 1. Let m(g) = 3*r(g) - 2*y(g). Suppose 0 = -7*v + 1 - 15. What is the units digit of m(v)?
7
Suppose 14*d - 1060 = 9*d. What is the units digit of d?
2
Let o(p) = -p**3 - 6*p**2 + 7*p - 4. Let j be o(-7). Let l(b) = b**3 + 4*b**2 - 2*b - 1. What is the units digit of l(j)?
7
Suppose 0 = -i - 4*i - 30. Let y be (5*2)/(1/2). What is the units digit of (y/i)/((-4)/6)?
5
Let n = -73 - -123. What is the units digit of n?
0
Let d(k) = -k**2 - 10*k + 2. Let f(a) = a - 1. Let w be f(-4). Let j be d(w). Suppose 4*r - r + y - j = 0, 0 = -2*r + 3*y + 18. What is the units digit of r?
9
Let j be (3/4)/(2/80). Let f be 1/2 - j/(-4). Suppose 0 = 4*l - 3*h + f, 3*h = -4*l - 2 + 18. What is the units digit of l?
1
What is the units digit of (-2 + (-657)/6)/((-2)/4)?
3
Suppose 2*v = -2*v + 4. What is the units digit of (v/(-2))/((-2)/20)?
5
Let f be 7/((-28)/16) + 8. What is the units digit of (-1)/((-412)/(-104) - f)?
6
Let u(b) = -45*b + 2. What is the tens digit of u(-2)?
9
Let x(k) = -k - 8. Let u be x(0). Let g(h) = h**2 + 7*h + 2. What is the tens digit of g(u)?
1
Suppose 0 = g - 2*g. Suppose g = -4*v + 7*v. Suppose -2*f + 0*f + 30 = v. What is the units digit of f?
5
Suppose 0 = 5*g + 4*o - o - 275, -4*g - 4*o = -212. What is the units digit of (g/(-5))/((-12)/30)?
9
Let a = 25 - 17. Let o = a + 28. What is the units digit of o?
6
Suppose -2*m - 5*g + 11 = -99, 245 = 5*m + 5*g. What is the tens digit of m?
4
Suppose 0 = 5*y - w - 30, -2*y - 2*w = -7*w - 35. Suppose -3*o = 4*p - 16, -y*p - 4*o + o + 17 = 0. Suppose -2*d = p - 7. What is the units digit of d?
3
Let a(m) = -4*m - 6. What is the tens digit of a(-9)?
3
Suppose -v - 35 = -2*v. What is the tens digit of v?
3
Let j(s) = 7*s**2 + 7*s - 4. What is the tens digit of j(-4)?
8
Let t(f) = f**3 + 6*f**2 + f + 5. Let j be t(-6). What is the units digit of (j*4)/(-2) + 0?
2
Suppose -4*j + 81 + 39 = 0. What is the units digit of j?
0
Let t be -3 + 2 + 1*-6. Let g = -5 - t. What is the units digit of g?
2
Suppose 4*a = -3*y - a - 21, -2*y - 2*a - 14 = 0. Let h = -3 - y. What is the units digit of h?
4
Let m(s) = s**3 + 5*s**2 - 5*s - 4. What is the units digit of m(-5)?
1
Let x = 15 - 11. What is the units digit of 7/x + 3/12?
2
Let z(i) = -i**3 + 14*i**2 - 14*i + 22. What is the hundreds digit of z(10)?
2
Let d(k) = k**3 + 7*k**2 + 7*k + 5. What is the units digit of d(-5)?
0
Suppose 0 = v - 2*r - 0*r - 16, 4*v - 34 = -2*r. Let o(y) = -y**3 + 10*y**2 + 3*y - 14. What is the tens digit of o(v)?
1
Suppose 2*w + 11 = 3. Let g = w + 13. What is the units digit of g?
9
Let j(m) = m**3 - 2*m**2. What is the units digit of j(3)?
9
Suppose -z = f + f - 28, -4*z + 77 = f. What is the units digit of z?
8
Let r = 1 - -2. Suppose -5*y + 6 = -2*q, -5 - 5 = -r*q - 2*y. Suppose 3*w - 4*l - 10 = 40, -2*w + 10 = q*l. What is the units digit of w?
0
Suppose 0 = 5*t - 0*p - p - 111, -3*t - 2*p = -64. What is the units digit of t?
2
Let y be (4/8)/(1/(-2)). Suppose -7*j - 12 = -3*j. What is the units digit of 0 + j/(-3) - y?
2
Let d be (3/6)/((-3)/(-6)). Let w = d - -6. What is the units digit of w?
7
Let q = 0 - -3. Suppose -2*v + 4*b + 16 = 4, 2*v - 5 = -q*b. Suppose -27 + 11 = -v*n. What is the units digit of n?
4
Let o(f) = 37*f - 1. What is the units digit of o(2)?
3
Suppose -2*u - 8115 = 3*u. Let g be u/(-21) - (-4)/(-14). Suppose -4*c + g - 15 = 5*v, -28 = -2*c - v. What is the units digit of c?
3
Let f(a) = a**3 + 4*a**2 - 3*a - 3. Suppose 0 = 5*t - 6*t - 4. What is the units digit of f(t)?
9
Suppose 0 = -3*w + 3*s + 165, -4*w + 2*s + 220 = 5*s. What is the units digit of w?
5
Let q(z) = z - 1. Let c(l) = 4*l - 5. Let u(g) = c(g) - 5*q(g). Let y(b) = -12*b. Let f(k) = 4*u(k) - y(k). What is the tens digit of f(2)?
1
Suppose -17*z + 1768 = -680. What is the tens digit of z?
4
Let j be 7/(1/((-6)/(-3))). Suppose 2*a + 5*y + 21 - 2 = 0, -3*a + y + j = 0. Suppose -5*q - a*b + 18 = 0, 0 = -q - 0*q - b + 2. What is the units digit of q?
6
Suppose 37 = l + 3. Suppose 3*a - k - l = 4*k, -5*k - 37 = -4*a. Suppose 2*c = -5*w + 32, -a*c - 24 = -w + c. What is the units digit of w?
8
Let b(f) = -f**3 - 7*f**2 - 8*f - 2. Suppose -a + 6*a = 35. Suppose 4*q + 17 + a = 0. What is the tens digit of b(q)?
1
Suppose 12 = 6*c - 5*c. What is the units digit of c?
2
Let v = 132 - 26. What is the units digit of v?
6
Let j be 2 - (-2 - -4 - 2). Let x(g) = 0*g + j + g + 1. What is the units digit of x(3)?
6
Suppose d - 5 - 1 = 0. Suppose -d - 24 = 5*g. What is the units digit of g/(-3)*(-9)/(-6)?
3
Suppose -127 - 5 = -3*d. What is the units digit of d?
4
What is the hundreds digit of 1*9/(18/376)?
1
Suppose 5*r - 31 = 34. Suppose -2*s = -r - 11. What is the tens digit of s?
1
Let g(l) = l**3 - 7*l**2 + 8*l - 8. Let v be g(6). Suppose 3*r - 39 = -5*q, -3*r + r - 40 = -v*q. What is the units digit of q?
9
What is the units digit of (-232)/(-2) - (3 + -6)?
9
Suppose 0 - 6 = -z. Let n(q) = q - 4. What is the units digit of n(z)?
2
What is the units digit of (119/(-28))/((-2)/16)?
4
Let v = 228 - 128. What is the hundreds digit of v?
1
Let l(o) = 3*o + 25. What is the units digit of l(9)?
2
Let m(a) = a**2 - 7*a + 3. Let l be m(7). Suppose c - w = 0, l*c + 2*w + 4 = 6*c. What is the units digit of c?
4
Let d = 3 + -7. Let f be (-21)/12 + 1/d. What is the units digit of 0 + f - 30/(-3)?
8
Suppose 0 = -4*z - 3*n + 246, -7 = -2*n - 3. What is the units digit of z?
0
Let t = 5 - 1. What is the units digit of t?
4
Let u = 5 - 2. Let a(z) = -7*z**u + z + 1 + 0 - z**3. What is the units digit of a(-1)?
8
What is the units digit of (-1805)/(-55) - 6/(-33)?
3
Suppose -3*x + 4*w + 43 = -93, -2*x - w = -87. What is the tens digit of x?
4
Let h(v) = v**3 - 18*v**2 - 15*v + 17. What is the units digit of h(19)?
3
Suppose 4*r - 64 = 16. Suppose c + 20 = 4*z - 9, 4*c - r = -z. What is the units digit of z?
8
What is the units digit of ((-22)/3)/((-4)/6)?
1
Suppose 4*s - 5*c = s - 9, -17 = -s - 5*c. Suppose -u = -s*u + 7. What is the units digit of u?
7
Let s be (2/4)/(2/24). Let i(l) = l**2 - 8*l + 8. Let x be i(s). Let y = x + 8. What is the units digit of y?
4
Let u be 5/(1/(2 + -1)). Suppose -3*a = -4*a - 19. What is the units digit of 1/u + a/(-5)?
4
Suppose -5*o - 3 = -8. What is the units digit of (-1)/1 + o - -1?
1
Let m(z) = -z**3 - 6*z**2 + 8*z - 5. Let 